)/5790). Calculate the highest common factor of x and 5.
5
Suppose 5*i = i + 48. Let l be i/(-42) - (-74)/14. Suppose 9*h + l = 10*h. What is the greatest common divisor of h and 25?
5
Suppose 5*j - 11 = -3*n, 4*n = 2*n + 4. Let g be (-4492)/(-24) - 3*j/18. What is the highest common factor of g and 17?
17
Suppose 0 = -11*o + 28*o - 918. Calculate the highest common divisor of o and 243.
27
Let s be (-14)/21 - 8/6. Let g(x) = -225*x + 3. Let l be g(s). Suppose -1 + 0 = -n, l = 5*q + 3*n. Calculate the greatest common divisor of q and 10.
10
Let l = 1275 - 1260. Calculate the greatest common divisor of l and 220.
5
Suppose 5*g - 200 = -4*n + 45, -g - 3*n + 38 = 0. Suppose 7*v = 10 + g. What is the highest common factor of v and 72?
9
Suppose 52 = p - 58. Suppose -4*m + 55 = -149. Let h = m - 41. What is the greatest common factor of p and h?
10
Suppose 5*w + 3*o - 3 = -5, -4*w - o = -4. Suppose -2*c + 3*g = -1, -g + 2 = g. Calculate the greatest common divisor of w and c.
2
Suppose -5*b = g - 11, -4*g = g - 3*b - 83. Calculate the highest common divisor of g and 120.
8
Let q(t) = t + 23. Let x be q(-8). What is the highest common factor of 3 and x?
3
Let r(d) = -2*d**3 - 3*d**2 + 212*d + 649. Let x be r(-3). Suppose -l = 2*l - 15. Let n be (0 - -1)*(3 + l). Calculate the greatest common factor of n and x.
8
Let i = 28 - -3. Suppose 29*h + h = 8370. Calculate the highest common divisor of i and h.
31
Let m = -1595 - -1765. Calculate the highest common factor of m and 544.
34
Suppose -7*j - 40 = -2*j. Let l(o) = o**3 + 6*o**2 - 19*o - 19. Let s be l(j). What is the highest common divisor of 15 and s?
5
Let m = -14 + 29. Let i = -16 + 31. Calculate the greatest common factor of m and i.
15
Suppose b - 23 = 32. Let a = -6 + 6. Suppose a = -3*r + 2*c + 43, 5*r + 3*c - 29 = r. What is the greatest common divisor of r and b?
11
Suppose -15 = -2*q - 5*s, -2*s - 45 = -5*q - 7*s. Calculate the greatest common divisor of q and 4.
2
Suppose 8*o = 9*o. Suppose o = -5*q - 2*i + 9 + 34, -5*q + i + 31 = 0. What is the greatest common divisor of 21 and q?
7
Let v be 6697/111 + (2*-1)/6. Suppose 0 = -28*y + 33*y - 20. What is the highest common divisor of y and v?
4
Suppose 35*o - 1000 = 15*o. Let r be (-295)/(-10) + 1/2. Calculate the greatest common divisor of o and r.
10
Suppose 38*p = 4071 + 1059. Calculate the greatest common divisor of p and 45.
45
Let u be 9/((-27)/40)*(-15)/10. Calculate the highest common factor of 50 and u.
10
Let j = 240 + -411. Let t be (-2)/8 + j/(-12). What is the highest common factor of t and 2?
2
Let a(n) be the first derivative of n**4/4 - 2*n**3/3 + 2*n + 2. Let m be a(2). Calculate the greatest common factor of 6 and m.
2
Let h(t) = 4*t + 26 + t + 3*t - 10*t. Let w be h(-23). Let b = 30 + -21. Calculate the greatest common factor of w and b.
9
Suppose -6*r + 759 = -393. Calculate the highest common divisor of r and 64.
64
Let a(x) = x**3 - 2*x**2 + 2*x. Let s be a(2). Suppose 2*i = 2*f + 56, -80 = 5*i + 3*f - 220. What is the highest common divisor of s and i?
4
Suppose 5*d + 25 = 5*i, 3*i = 2*d + 4*i + 7. Let g = 6 + d. Let o be g + 6/(-3) + 24. Calculate the greatest common factor of 16 and o.
8
Let h(c) = 6*c**2 + 33*c - 9. Let v be h(-6). Calculate the greatest common factor of v and 30.
3
Let y be ((-4)/3)/((-6)/126). Let o be 4472/y + 4/14. Calculate the highest common divisor of o and 20.
20
Let q(u) = u**3 - 2*u**2 - 2*u + 3. Let a be q(3). Suppose a*r = -111 + 273. What is the greatest common divisor of 27 and r?
27
Let o(k) = -k**3 + 4*k**2 - 3*k + 2. Let x be o(3). Suppose 12 - 530 = -x*b. What is the highest common divisor of b and 37?
37
Let i(r) = -3 + r + r - r + 2*r. Let o be i(5). Let w be -21*(0 + 24/(-14)). Calculate the highest common factor of o and w.
12
Let h be ((-5)/((-10)/(-2)))/((-2)/736). Calculate the greatest common factor of 23 and h.
23
Let h(l) = -l**2 - 15*l - 34. Let u be h(-8). What is the greatest common factor of 44 and u?
22
Suppose -2869 - 1376 = -3*l - 4*k, 3*l - 5*k = 4272. What is the highest common divisor of 33 and l?
33
Let i be 6 - (-1 + 5 + 0). Suppose -i*b - 6 = -2. Let o be 2 - b - (-4)/1. What is the highest common factor of 8 and o?
8
Let p be 0 - -1 - (1 + (3 - 6)). What is the greatest common divisor of p and 39?
3
Let u be -3 + 14/2 + -1. Suppose -f = -2*z + 6*z + 2, -3*f + 4*z + 10 = 0. Calculate the greatest common factor of f and u.
1
Let a be (-33)/(-2)*(16 + 38). What is the greatest common divisor of a and 81?
81
Let k be ((-12400)/(-500))/((-2)/(-140)). Calculate the highest common factor of k and 56.
56
Let s(l) = -3*l + 59. Let t be s(6). Suppose 3*v - 4 = -j - 3*j, 5*j = 2*v - t. Let a be (-3)/(30/16)*-25. Calculate the greatest common factor of v and a.
8
Let s = -82 - -120. Let k = 40 + s. What is the highest common factor of k and 6?
6
Suppose 0 = 5*i - 3 - 2, 4*q - 1442 = -2*i. Suppose v - q = -3*v. Let g be 1/(-2) + (-146)/(-4). Calculate the highest common factor of v and g.
18
Let w(g) = -48*g. Let m = 28 + -30. Let r be w(m). Calculate the highest common factor of 12 and r.
12
Let r be 107/7 - (99/(-21) + 5). What is the highest common factor of r and 255?
15
Let q = -284 + 400. Let v be q + 1/((-5)/(-20)). Calculate the highest common factor of 80 and v.
40
Suppose 4*u = -3*u + 3*u. Suppose -r - 4*k + 12 = -u*r, 0 = -2*r - 2*k + 24. What is the highest common divisor of 156 and r?
12
Suppose -2*h + 4*m + 18 + 18 = 0, 25 = 5*h + 3*m. Let t be 25 - (-4 + 5 + -4). Suppose 84 - t = a. What is the greatest common divisor of a and h?
8
Let q = -135 + 164. What is the greatest common divisor of q and 87?
29
Let n(j) be the first derivative of -j**3/3 + 3*j**2/2 + 5*j + 3. Let m be n(4). Let i be (43 + (2 - 5))/m. What is the highest common divisor of 10 and i?
10
Let t(w) = 5*w + 13. Let d be t(12). Let m = -43 + d. What is the greatest common divisor of 20 and m?
10
Suppose 265 = 157*u - 156*u. What is the greatest common factor of u and 5?
5
Let o be (-2 + 7)*(-4)/(-10). Let m(j) = -107*j - 315. Let h be m(-3). Calculate the greatest common divisor of o and h.
2
Suppose -3*u - m + 51 = 0, 4*u - 5*m - 51 = 36. Let l be 106/9 + 6/27. Calculate the greatest common factor of u and l.
6
Let i = 29 + -32. Let l be (7/2 + i)*66. Let t = l - 29. What is the highest common factor of t and 44?
4
Let d be (-2 - 758/(-4)) + 33/(-22). Calculate the highest common factor of d and 6.
6
Let w(i) = -13*i**2 + i - 17. Let u be w(-4). Let z = 592 + u. Calculate the highest common factor of 33 and z.
33
Suppose 5 - 20 = 5*q. Let k be q - -2 - -2 - -2. Calculate the highest common divisor of k and 12.
3
Let g = -61 + 66. Suppose 2*q = -2*b + 48, 0 = 6*q - 3*q - 2*b - 87. Suppose -g*h = 7 - q. Calculate the greatest common divisor of 28 and h.
4
Let o be (-134)/(-18) + 12/(-27). Calculate the highest common factor of 35 and o.
7
Let m(q) = 6 + 3 + 2 + 3 - q. Let z = -46 - -57. Let v be m(z). Calculate the highest common divisor of 1 and v.
1
Suppose 8*m - 22 = 7*m + v, -104 = -4*m - 4*v. What is the greatest common divisor of 36 and m?
12
Let d(c) = -c**2 + 8*c + 12. Let x be d(9). Suppose x*w - 3 = 117. What is the highest common factor of w and 10?
10
Let o(c) = -c**2 + 8*c - 7. Let w be o(6). Suppose 77 = l - 79. Suppose 3*b - w*b = -l. What is the highest common factor of 52 and b?
26
Let n be 4/10 + 296/10. Let j be ((-9)/(-6))/(5/n). Calculate the highest common divisor of j and 9.
9
Let t = 1129 + -236. What is the highest common factor of 141 and t?
47
Suppose 3*j - 4*j = 222. Let u = j + 387. What is the greatest common factor of u and 15?
15
Let x(c) = -3*c**3 + c**2. Let g be x(-2). Suppose -g = 6*a - 2*a. Let o = a - -18. Calculate the highest common factor of 33 and o.
11
Let w(i) = 10*i**2 - 50*i + 4. Let d be w(5). Calculate the highest common factor of d and 356.
4
Suppose 706*z = 705*z + 480. Calculate the greatest common factor of z and 336.
48
Suppose 2*p - 40 = -5*s, 2*s + 7*p - 16 = 6*p. Calculate the highest common factor of 24 and s.
8
Let q(w) = w**3 - 4*w**2 + 14*w - 16. Let l be q(4). What is the highest common divisor of l and 140?
20
Let j be 82*1/(-4)*2*1. Let z = j + 86. Suppose 0 = c - 6 - 24. Calculate the highest common factor of c and z.
15
